{"id":2315,"date":"2015-05-08T03:17:19","date_gmt":"2015-05-08T02:17:19","guid":{"rendered":"http:\/\/www.nepsis.org\/fr\/nouvelles\/reuniunea-tinerilor-ortodocsi-europeni-cluj-2015\/"},"modified":"2015-11-23T18:03:36","modified_gmt":"2015-11-23T17:03:36","slug":"rencontre-des-jeunes-orthodoxes-europeens-cluj-napoca-roumanie-2015","status":"publish","type":"page","link":"http:\/\/www.nepsis.org\/fr\/nouvelles\/rencontre-des-jeunes-orthodoxes-europeens-cluj-napoca-roumanie-2015\/","title":{"rendered":"Rencontre des jeunes orthodoxes europ\u00e9ens &#8211; Cluj Napoca, Roumanie, 2015"},"content":{"rendered":"<p>\u00cen 2013 \u015fi 2014 au avut loc \u00een ora\u015ful Baia Mare, Rom\u00e2nia, primele 2 edi\u0163ii ale unui eveniment inedit: Reuniunea Tinerilor Ortodoc\u015fi. Dac\u0103 prima edi\u0163ie s-a adresat \u00een primul r\u00e2nd tinerilor din Episcopia Maramure\u015fului \u015fi S\u0103tmarului, a 2a edi\u0163ie s-a extins la nivel na\u0163ional.<\/p>\n<p>&nbsp;<\/p>\n<p>\u00cen 2015 cea de-a 3a edi\u0163ie a Reuniunii Tinerilor Ortodoc\u015fi \u00ee\u015fi l\u0103rge\u015fte orizonturile \u015fi se adreseaza tuturor tinerilor ortodoc\u015fi de pe \u00eentreg Continentul European. \u015ei unde ar fi putut avea loc un eveniment de o asemenea anvergur\u0103, dac\u0103 nu in actuala Capital\u0103 a Tineretului European, Cluj-Napoca :-).<\/p>\n<p>&nbsp;<\/p>\n<p>\u00cen cadrul acestui eveniment, Fr\u0103\u0163iile Nepsis vor participa cu un anumit num\u0103r de locuri.<\/p>\n<p>Astfel, <strong>NEPSIS France dispune de 15 locuri<\/strong> pentru tinerii care \u00ee\u015fi doresc s\u0103 participe alaturi de noi la acest eveniment important.<\/p>\n<p>&nbsp;<\/p>\n<h2><span style=\"color: #000080;\"><strong>Informa\u0163ii cheie:<\/strong><\/span><\/h2>\n<p><strong>Data Reuniunii :<\/strong> 3 &#8211; 7 Septembrie 2015<\/p>\n<p><strong>Locul :<\/strong> Cluj-Napoca, Rom\u00e2nia<\/p>\n<p><strong>Locuri disponibile<\/strong> (se reactualizeaza in func\u0163ie de \u00eenscrieri) : 15<\/p>\n<p><strong>\u00censcrieri<\/strong> : <a href=\"mailto:nepsis.france@mitropolia.eu\">nepsis.france@mitropolia.eu<\/a><\/p>\n<p>&nbsp;<\/p>\n<p>V\u0103 a\u015ftept\u0103m cu drag \ud83d\ude42<\/p>\n<p>&nbsp;<\/p>\n<p><span style=\"color: #808080;\">@NEPSIS Team<\/span><\/p>\n<p>&nbsp;<\/p>\n<p>&nbsp;<\/p>\n<p><iframe loading=\"lazy\" width=\"640\" height=\"480\" src=\"https:\/\/www.youtube.com\/embed\/LKqZ-8S6Bkk?feature=oembed\" frameborder=\"0\" allowfullscreen><\/iframe><\/p>\n<p>&nbsp;<\/p>\n<p>&nbsp;<\/p>\n","protected":false},"excerpt":{"rendered":"<p>\u00cen 2013 \u015fi 2014 au avut loc \u00een ora\u015ful Baia Mare, Rom\u00e2nia, primele 2 edi\u0163ii ale unui eveniment inedit: Reuniunea Tinerilor Ortodoc\u015fi. Dac\u0103 prima edi\u0163ie s-a adresat \u00een primul r\u00e2nd tinerilor din Episcopia Maramure\u015fului \u015fi S\u0103tmarului, a 2a edi\u0163ie s-a extins la nivel na\u0163ional. &nbsp; \u00cen 2015 cea de-a 3a edi\u0163ie a Reuniunii Tinerilor Ortodoc\u015fi<a href=\"http:\/\/www.nepsis.org\/fr\/nouvelles\/rencontre-des-jeunes-orthodoxes-europeens-cluj-napoca-roumanie-2015\/\">[&#8230;]<\/a><\/p>\n","protected":false},"author":1,"featured_media":0,"parent":2312,"menu_order":0,"comment_status":"open","ping_status":"open","template":"","meta":{"rop_custom_images_group":[],"rop_custom_messages_group":[],"rop_publish_now":"initial","rop_publish_now_accounts":[],"rop_publish_now_history":[],"rop_publish_now_status":"pending","episode_type":"","audio_file":"","cover_image":"","cover_image_id":"","duration":"","filesize":"","date_recorded":"","explicit":"","block":"","itunes_episode_number":"","itunes_title":"","itunes_season_number":"","itunes_episode_type":"","filesize_raw":""},"_links":{"self":[{"href":"http:\/\/www.nepsis.org\/fr\/wp-json\/wp\/v2\/pages\/2315"}],"collection":[{"href":"http:\/\/www.nepsis.org\/fr\/wp-json\/wp\/v2\/pages"}],"about":[{"href":"http:\/\/www.nepsis.org\/fr\/wp-json\/wp\/v2\/types\/page"}],"author":[{"embeddable":true,"href":"http:\/\/www.nepsis.org\/fr\/wp-json\/wp\/v2\/users\/1"}],"replies":[{"embeddable":true,"href":"http:\/\/www.nepsis.org\/fr\/wp-json\/wp\/v2\/comments?post=2315"}],"version-history":[{"count":1,"href":"http:\/\/www.nepsis.org\/fr\/wp-json\/wp\/v2\/pages\/2315\/revisions"}],"predecessor-version":[{"id":2316,"href":"http:\/\/www.nepsis.org\/fr\/wp-json\/wp\/v2\/pages\/2315\/revisions\/2316"}],"up":[{"embeddable":true,"href":"http:\/\/www.nepsis.org\/fr\/wp-json\/wp\/v2\/pages\/2312"}],"wp:attachment":[{"href":"http:\/\/www.nepsis.org\/fr\/wp-json\/wp\/v2\/media?parent=2315"}],"curies":[{"name":"wp","href":"https:\/\/api.w.org\/{rel}","templated":true}]}}

Rencontre des jeunes orthodoxes européens &#8211; Cluj Napoca, Roumanie, 2015

<p>În 2013 şi 2014 au avut loc în oraşul Baia Mare, România, primele 2 ediţii ale unui eveniment inedit: Reuniunea Tinerilor Ortodocşi. Dacă prima ediţie s-a adresat în primul rând tinerilor din Episcopia Maramureşului şi Sătmarului, a 2a ediţie s-a extins la nivel naţional.</p>
<p>&nbsp;</p>
<p>În 2015 cea de-a 3a ediţie a Reuniunii Tinerilor Ortodocşi îşi lărgeşte orizonturile şi se adreseaza tuturor tinerilor ortodocşi de pe întreg Continentul European. Şi unde ar fi putut avea loc un eveniment de o asemenea anvergură, dacă nu in actuala Capitală a Tineretului European, Cluj-Napoca :-).</p>
<p>&nbsp;</p>
<p>În cadrul acestui eveniment, Frăţiile Nepsis vor participa cu un anumit număr de locuri.</p>
<p>Astfel, <strong>NEPSIS France dispune de 15 locuri</strong> pentru tinerii care îşi doresc să participe alaturi de noi la acest eveniment important.</p>
<p>&nbsp;</p>
<h2><span style="color: #000080;"><strong>Informaţii cheie:</strong></span></h2>
<p><strong>Data Reuniunii :</strong> 3 &#8211; 7 Septembrie 2015</p>
<p><strong>Locul :</strong> Cluj-Napoca, România</p>
<p><strong>Locuri disponibile</strong> (se reactualizeaza in funcţie de înscrieri) : 15</p>
<p><strong>Înscrieri</strong> : <a href="mailto:nepsis.france@mitropolia.eu">nepsis.france@mitropolia.eu</a></p>
<p>&nbsp;</p>
<p>Vă aşteptăm cu drag 🙂</p>
<p>&nbsp;</p>
<p><span style="color: #808080;">@NEPSIS Team</span></p>
<p>&nbsp;</p>
<p>&nbsp;</p>
<p><iframe loading="lazy" width="640" height="480" src="https://www.youtube.com/embed/LKqZ-8S6Bkk?feature=oembed" frameborder="0" allowfullscreen></iframe></p>
<p>&nbsp;</p>
<p>&nbsp;</p>

<p>În 2013 şi 2014 au avut loc în oraşul Baia Mare, România, primele 2 ediţii ale unui eveniment inedit: Reuniunea Tinerilor Ortodocşi. Dacă prima ediţie s-a adresat în primul rând tinerilor din Episcopia Maramureşului şi Sătmarului, a 2a ediţie s-a extins la nivel naţional. &nbsp; În 2015 cea de-a 3a ediţie a Reuniunii Tinerilor Ortodocşi<a href="http://www.nepsis.org/fr/nouvelles/rencontre-des-jeunes-orthodoxes-europeens-cluj-napoca-roumanie-2015/">[&#8230;]</a></p>
